{"id":651,"date":"2025-07-11T16:05:57","date_gmt":"2025-07-11T16:05:57","guid":{"rendered":"https:\/\/brandlytic.do\/camara\/?page_id=651"},"modified":"2025-07-11T16:09:19","modified_gmt":"2025-07-11T16:09:19","slug":"quienes-somos","status":"publish","type":"page","link":"https:\/\/brandlytic.do\/camara\/quienes-somos\/","title":{"rendered":"Quienes somos"},"content":{"rendered":"\t\t<div data-elementor-type=\"wp-page\" data-elementor-id=\"651\" class=\"elementor elementor-651\" data-elementor-post-type=\"page\">\n\t\t\t\t<div class=\"elementor-element elementor-element-2a3b439 e-flex e-con-boxed e-con e-parent\" data-id=\"2a3b439\" data-element_type=\"container\" data-e-type=\"container\" data-settings=\"{&quot;background_background&quot;:&quot;gradient&quot;}\">\n\t\t\t\t\t<div class=\"e-con-inner\">\n\t\t<div class=\"elementor-element elementor-element-ac5e1c6 e-grid e-con-full e-con e-child\" data-id=\"ac5e1c6\" data-element_type=\"container\" data-e-type=\"container\">\n\t\t\t\t<div class=\"elementor-element elementor-element-5a4981b animated-slow elementor-invisible elementor-widget elementor-widget-heading\" data-id=\"5a4981b\" data-element_type=\"widget\" data-e-type=\"widget\" data-settings=\"{&quot;_animation&quot;:&quot;slideInUp&quot;}\" data-widget_type=\"heading.default\">\n\t\t\t\t<div class=\"elementor-widget-container\">\n\t\t\t\t\t<h2 class=\"elementor-heading-title elementor-size-default\">Quienes somos<\/h2>\t\t\t\t<\/div>\n\t\t\t\t<\/div>\n\t\t\t\t<div class=\"elementor-element elementor-element-d436d44 elementor-invisible elementor-widget elementor-widget-text-editor\" data-id=\"d436d44\" data-element_type=\"widget\" data-e-type=\"widget\" data-settings=\"{&quot;_animation&quot;:&quot;fadeIn&quot;}\" data-widget_type=\"text-editor.default\">\n\t\t\t\t<div class=\"elementor-widget-container\">\n\t\t\t\t\t\t\t\t\t<p>La C\u00e1mara de Comercio y Producci\u00f3n de la Provincia de Santo Domingo es una entidad jur\u00eddica aut\u00f3noma, sin fines de lucro, comprometida con el impulso del desarrollo econ\u00f3mico y empresarial de la provincia m\u00e1s poblada y din\u00e1mica del pa\u00eds.<\/p><p>Nacemos con la misi\u00f3n de representar, articular y fortalecer los intereses del tejido productivo de nuestra regi\u00f3n, promoviendo un entorno favorable para la inversi\u00f3n, el emprendimiento y la formalizaci\u00f3n de negocios.<\/p><p>Como instituci\u00f3n habilitada para administrar el Registro Mercantil, facilitamos procesos clave para el crecimiento empresarial, al tiempo que promovemos iniciativas de formaci\u00f3n, innovaci\u00f3n y articulaci\u00f3n p\u00fablico-privada que potencian la competitividad de nuestros sectores productivos.<\/p><p>Con una visi\u00f3n moderna, cercana y orientada a resultados, trabajamos para ser un referente de servicio, transparencia y eficiencia, contribuyendo activamente al bienestar colectivo y al desarrollo sostenible de la Provincia de Santo Domingo.<\/p>\t\t\t\t\t\t\t\t<\/div>\n\t\t\t\t<\/div>\n\t\t\t\t<\/div>\n\t\t\t\t\t<\/div>\n\t\t\t\t<\/div>\n\t\t<div class=\"elementor-element elementor-element-f07948a e-flex e-con-boxed e-con e-parent\" data-id=\"f07948a\" data-element_type=\"container\" data-e-type=\"container\" data-settings=\"{&quot;background_background&quot;:&quot;classic&quot;}\">\n\t\t\t\t\t<div class=\"e-con-inner\">\n\t\t<div class=\"elementor-element elementor-element-c3a5c2d e-con-full e-flex e-con e-child\" data-id=\"c3a5c2d\" data-element_type=\"container\" data-e-type=\"container\">\n\t\t\t\t<div class=\"elementor-element elementor-element-c72a787 elementor-widget elementor-widget-heading\" data-id=\"c72a787\" data-element_type=\"widget\" data-e-type=\"widget\" data-widget_type=\"heading.default\">\n\t\t\t\t<div class=\"elementor-widget-container\">\n\t\t\t\t\t<h2 class=\"elementor-heading-title elementor-size-default\">Marco de acci\u00f3n<\/h2>\t\t\t\t<\/div>\n\t\t\t\t<\/div>\n\t\t\t\t<div class=\"elementor-element elementor-element-b072d69 elementor-widget elementor-widget-text-editor\" data-id=\"b072d69\" data-element_type=\"widget\" data-e-type=\"widget\" data-widget_type=\"text-editor.default\">\n\t\t\t\t<div class=\"elementor-widget-container\">\n\t\t\t\t\t\t\t\t\t<p>De conformidad con la ley 50 \u2013 87 de C\u00e1maras de Comercio y sus estatutos, la C\u00e1mara de Comercio y Producci\u00f3n de la Provincia Santo Domingo, tendr\u00e1 por objeto fundamentalmente, de manera enunciativa y no limitativa, lo siguiente:<\/p>\t\t\t\t\t\t\t\t<\/div>\n\t\t\t\t<\/div>\n\t\t\t\t<\/div>\n\t\t<div class=\"elementor-element elementor-element-4aec407 e-con-full e-flex e-con e-child\" data-id=\"4aec407\" data-element_type=\"container\" data-e-type=\"container\" data-settings=\"{&quot;background_background&quot;:&quot;classic&quot;}\">\n\t\t\t\t<div class=\"elementor-element elementor-element-eeda562 elementor-widget elementor-widget-image-box\" data-id=\"eeda562\" data-element_type=\"widget\" data-e-type=\"widget\" data-widget_type=\"image-box.default\">\n\t\t\t\t<div class=\"elementor-widget-container\">\n\t\t\t\t\t<div class=\"elementor-image-box-wrapper\"><div class=\"elementor-image-box-content\"><p class=\"elementor-image-box-description\">a. Contribuir al desarrollo de las actividades econ\u00f3micas de las empresas de su jurisdicci\u00f3n;<\/p><\/div><\/div>\t\t\t\t<\/div>\n\t\t\t\t<\/div>\n\t\t\t\t<div class=\"elementor-element elementor-element-d3eb7ae elementor-widget elementor-widget-image-box\" data-id=\"d3eb7ae\" data-element_type=\"widget\" data-e-type=\"widget\" data-widget_type=\"image-box.default\">\n\t\t\t\t<div class=\"elementor-widget-container\">\n\t\t\t\t\t<div class=\"elementor-image-box-wrapper\"><div class=\"elementor-image-box-content\"><p class=\"elementor-image-box-description\">b. Apoyar la creaci\u00f3n de organizaciones, asociaciones que beneficien y contribuyan a la prosperidad de la econom\u00eda nacional;<\/p><\/div><\/div>\t\t\t\t<\/div>\n\t\t\t\t<\/div>\n\t\t\t\t<div class=\"elementor-element elementor-element-4e3084e elementor-widget elementor-widget-image-box\" data-id=\"4e3084e\" data-element_type=\"widget\" data-e-type=\"widget\" data-widget_type=\"image-box.default\">\n\t\t\t\t<div class=\"elementor-widget-container\">\n\t\t\t\t\t<div class=\"elementor-image-box-wrapper\"><div class=\"elementor-image-box-content\"><p class=\"elementor-image-box-description\">c. Proponer ante los poderes p\u00fablicos la aprobaci\u00f3n y promulgaci\u00f3n de leyes, decretos, resoluciones, reglamentos y otras disposiciones que faciliten el desenvolvimiento econ\u00f3mico y leg\u00edtimo de las actividades del sector empresarial;<\/p><\/div><\/div>\t\t\t\t<\/div>\n\t\t\t\t<\/div>\n\t\t\t\t<div class=\"elementor-element elementor-element-5d2a958 elementor-widget elementor-widget-image-box\" data-id=\"5d2a958\" data-element_type=\"widget\" data-e-type=\"widget\" data-widget_type=\"image-box.default\">\n\t\t\t\t<div class=\"elementor-widget-container\">\n\t\t\t\t\t<div class=\"elementor-image-box-wrapper\"><div class=\"elementor-image-box-content\"><p class=\"elementor-image-box-description\">d. Auspiciar la conservaci\u00f3n, desarrollo y exportaci\u00f3n de productos nacionales en colaboraci\u00f3n con las empresas de su jurisdicci\u00f3n;<\/p><\/div><\/div>\t\t\t\t<\/div>\n\t\t\t\t<\/div>\n\t\t\t\t<div class=\"elementor-element elementor-element-7c8626d elementor-widget elementor-widget-image-box\" data-id=\"7c8626d\" data-element_type=\"widget\" data-e-type=\"widget\" data-widget_type=\"image-box.default\">\n\t\t\t\t<div class=\"elementor-widget-container\">\n\t\t\t\t\t<div class=\"elementor-image-box-wrapper\"><div class=\"elementor-image-box-content\"><p class=\"elementor-image-box-description\">e. Promover y organizar con la frecuencia que sea posible, actividades educativas y orientadoras por los medios de comunicaci\u00f3n y otras m\u00e1s, as\u00ed como exposiciones agr\u00edcolas, comerciales e industriales en bien de la preparaci\u00f3n de la clase empresarial y de la divulgaci\u00f3n de nuestros productos agroindustriales, agr\u00edcolas y en general de manufactura nacional. <\/p><\/div><\/div>\t\t\t\t<\/div>\n\t\t\t\t<\/div>\n\t\t\t\t<\/div>\n\t\t\t\t\t<\/div>\n\t\t\t\t<\/div>\n\t\t\t\t<\/div>\n\t\t","protected":false},"excerpt":{"rendered":"<p>Quienes somos La C\u00e1mara de Comercio y Producci\u00f3n de la Provincia de Santo Domingo es una entidad jur\u00eddica aut\u00f3noma, sin fines de lucro, comprometida con el impulso del desarrollo econ\u00f3mico y empresarial de la provincia m\u00e1s poblada y din\u00e1mica del pa\u00eds. Nacemos con la misi\u00f3n de representar, articular y fortalecer los intereses del tejido productivo [&hellip;]<\/p>\n","protected":false},"author":1,"featured_media":0,"parent":0,"menu_order":0,"comment_status":"closed","ping_status":"closed","template":"","meta":{"footnotes":""},"class_list":["post-651","page","type-page","status-publish","hentry"],"_links":{"self":[{"href":"https:\/\/brandlytic.do\/camara\/wp-json\/wp\/v2\/pages\/651","targetHints":{"allow":["GET"]}}],"collection":[{"href":"https:\/\/brandlytic.do\/camara\/wp-json\/wp\/v2\/pages"}],"about":[{"href":"https:\/\/brandlytic.do\/camara\/wp-json\/wp\/v2\/types\/page"}],"author":[{"embeddable":true,"href":"https:\/\/brandlytic.do\/camara\/wp-json\/wp\/v2\/users\/1"}],"replies":[{"embeddable":true,"href":"https:\/\/brandlytic.do\/camara\/wp-json\/wp\/v2\/comments?post=651"}],"version-history":[{"count":5,"href":"https:\/\/brandlytic.do\/camara\/wp-json\/wp\/v2\/pages\/651\/revisions"}],"predecessor-version":[{"id":669,"href":"https:\/\/brandlytic.do\/camara\/wp-json\/wp\/v2\/pages\/651\/revisions\/669"}],"wp:attachment":[{"href":"https:\/\/brandlytic.do\/camara\/wp-json\/wp\/v2\/media?parent=651"}],"curies":[{"name":"wp","href":"https:\/\/api.w.org\/{rel}","templated":true}]}}